te number?
True
Is 1253 composite?
True
Is 1439 a prime number?
True
Is 27581 composite?
False
Is 14941 a composite number?
True
Is 187337 prime?
True
Is 9511 prime?
True
Is 667 prime?
False
Is 160177 a prime number?
False
Is 980173 a prime number?
True
Is 157789 a prime number?
False
Is 4645 a prime number?
False
Is 133961 a composite number?
True
Is 175507 a prime number?
False
Is 771731 a prime number?
False
Is 32061 composite?
True
Is 844999 a prime number?
True
Is 111301 prime?
True
Is 218003 a composite number?
False
Is 191 a composite number?
False
Is 1537 a composite number?
True
Is 19913 a composite number?
False
Is 48651 a composite number?
True
Is 19757 prime?
False
Is 82833 a composite number?
True
Is 376381 a prime number?
False
Is 1549751 a composite number?
True
Is 108401 composite?
False
Is 7827 a composite number?
True
Is 31319 composite?
False
Is 10195 a composite number?
True
Is 6997 prime?
True
Is 20413 composite?
True
Is 235189 a prime number?
False
Is 21377 composite?
False
Is 150287 prime?
True
Is 12319 composite?
True
Is 7753 a prime number?
True
Is 95279 composite?
False
Is 12781 a composite number?
False
Is 59239 prime?
True
Is 31517 composite?
False
Is 48769 prime?
False
Is 22033 a prime number?
False
Is 20851 composite?
True
Is 87099 a prime number?
False
Is 2291 composite?
True
Is 716459 a composite number?
False
Is 81527 composite?
False
Is 233639 a composite number?
True
Is 4111 a composite number?
False
Is 38527 composite?
True
Is 399851 prime?
True
Is 44761 a prime number?
False
Is 51307 a prime number?
True
Is 35729 a prime number?
True
Is 5099 a composite number?
False
Is 2453 a composite number?
True
Is 214187 a prime number?
False
Is 132817 composite?
False
Is 12301 composite?
False
Is 115421 a composite number?
False
Is 1049 a composite number?
False
Is 715417 a prime number?
True
Is 108863 prime?
True
Is 69427 a prime number?
True
Is 89189 a composite number?
False
Is 10847 a composite number?
False
Is 5029 prime?
False
Is 205043 composite?
False
Is 162501 a prime number?
False
Is 283865 a prime number?
False
Is 22735 prime?
False
Is 232153 a prime number?
True
Is 8221 prime?
True
Is 29515 prime?
False
Is 56249 prime?
True
Is 37381 a prime number?
False
Is 107309 composite?
False
Is 4783 a prime number?
True
Is 410759 a prime number?
True
Is 71845 prime?
False
Is 423823 prime?
True
Is 106261 a prime number?
True
Is 48073 prime?
True
Is 31963 a prime number?
True
Is 1717099 a composite number?
False
Is 119785 prime?
False
Is 755 composite?
True
Is 56891 prime?
True
Is 167987 prime?
True
Is 172219 prime?
True
Is 10895 composite?
True
Is 30449 a prime number?
True
Is 295557 composite?
True
Is 21374 prime?
False
Is 10291 prime?
False
Is 37049 composite?
False
Is 19579 a composite number?
True
Is 85 composite?
True
Is 1125445 prime?
False
Is 10723 prime?
True
Is 403111 a prime number?
False
Is 28871 a composite number?
False
Is 40999 a prime number?
False
Is 3641 a prime number?
False
Is 1559411 a composite number?
True
Is 4594 prime?
False
Is 149743 prime?
False
Is 1257119 a composite number?
False
Is 307 prime?
True
Is 4127 a composite number?
False
Is 222329 a composite number?
False
Is 24659 prime?
True
Is 187349 a composite number?
False
Is 789 a prime number?
False
Is 4861 a composite number?
False
Is 1709 a composite number?
False
Is 14969 a prime number?
True
Is 2997847 a prime number?
True
Is 2276545 prime?
False
Is 4645 composite?
True
Is 235043 composite?
False
Is 3683 composite?
True
Is 641969 a composite number?
False
Is 114991 composite?
True
Is 48893 prime?
False
Is 679019 composite?
True
Is 210523 composite?
False
Is 80061 a prime number?
False
Is 4646734 prime?
False
Is 2599513 a composite number?
True
Is 82247 prime?
False
Is 95713 a composite number?
False
Is 259 composite?
True
Is 29395 a composite number?
True
Is 9941 composite?
False
Is 71 a prime number?
True
Is 395249 a prime number?
False
Is 6049 prime?
False
Is 20047 prime?
True
Is 16327 composite?
True
Is 42239 a composite number?
False
Is 32601 a prime number?
False
Is 523403 a prime number?
True
Is 807265 a prime number?
False
Is 51449 composite?
False
Is 332251 a composite number?
False
Is 79969 composite?
True
Is 726169 composite?
False
Is 2789 a prime number?
True
Is 12622 composite?
True
Is 40277 a composite number?
False
Is 31163 composite?
True
Is 35759 a prime number?
True
Is 3877 composite?
False
Is 115459 a composite number?
False
Is 11651 a composite number?
True
Is 51281 prime?
False
Is 48347 a composite number?
True
Is 116119 prime?
False
Is 1241243 prime?
True
Is 15909 prime?
False
Is 444659 prime?
False
Is 20697 a composite number?
True
Is 51551 prime?
True
Is 311981 a prime number?
True
Is 191 a prime number?
True
Is 1365839 prime?
False
Is 80021 a prime number?
True
Is 550427 a prime number?
True
Is 19661 composite?
False
Is 10663 prime?
True
Is 13957 composite?
True
Is 1261213 composite?
True
Is 63203 a composite number?
True
Is 3482 a composite number?
True
Is 336142 prime?
False
Is 6843 prime?
False
Is 195659 a composite number?
False
Is 81331 a prime number?
True
Is 611357 a prime number?
False
Is 3344793 composite?
True
Is 2767 a composite number?
False
Is 611605 composite?
True
Is 71123 a composite number?
True
Is 358349 a composite number?
False
Is 2174 prime?
False
Is 4391 a prime number?
True
Is 33809 prime?
True
Is 616483 a prime number?
False
Is 202529 a composite number?
False
Is 2122981 prime?
False
Is 2517 a prime number?
False
Is 1133837 a composite number?
False
Is 42281 a prime number?
True
Is 422353 a composite number?
False
Is 14507 a prime number?
False
Is 733354 composite?
True
Is 436733 composite?
True
Is 34223 composite?
True
Is 7625315 a prime number?
False
Is 3991 composite?
True
Is 55289 a composite number?
True
Is 163973 prime?
True
Is 8287 a prime number?
True
Is 2080957 a composite number?
True
Is 175403 a composite number?
False
Is 107837 a composite number?
False
Is 32099 prime?
True
Is 1837 a composite number?
True
Is 26141 prime?
True
Is 255863 a prime number?
False
Is 20611 a prime number?
True
Is 8009 composite?
False
Is 457621 prime?
True
Is 19529 a composite number?
True
Is 3785 a composite number?
True
Is 15163 a composite number?
True
Is 473663 a composite number?
True
Is 2521 a composite number?
False
Is 106969 composite?
True
Is 636719 prime?
True
Is 40231 a prime number?
True
Is 69689 composite?
True
Is 259 composite?
True
Is 140279 a composite number?
True
Is 9997 prime?
False
Is 52433 a prime number?
True
Is 320681 prime?
False
Is 27361 composite?
False
Is 2545 prime?
False
Is 9043 composite?
False
Is 221 a composite number?
True
Is 220667 composite?
False
Is 94811 a prime number?
True
Is 1673 composite?
True
Is 31541 a prime number?
True
Is 180053 a prime number?
True
Is 27519 prime?
False
Is 92281 a composite number?
True
Is 3180689 prime?
False
Is 364027 a composite number?
False
Is 315821 composite?
True
Is 2731 a prime number?
True
Is 7789 prime?
True
Is 12421 a composite number?
False
Is 10551 composite?
True
Is 42923 a composite number?
False
Is 291019 a composite number?
True
Is 37358 prime?
False
Is 407 a composite number?
True
Is 543589 a composite number?
True
Is 21239 a composite number?
True
Is 333413 composite?
True
Is 50329 composite?
False
Is 771229 a composite number?
True
Is 16273 composite?
False
Is 77611 composite?
False
Is 34991 prime?
False
Is 347695 a composite number?
True
Is 24143 prime?
False
Is 199 a prime number?
True
Is 976263 composite?
True
Is 182333 composite?
False
Is 2363 a composite number?
True
Is 46423 prime?
False
Is 177389 a prime number?
False
Is 91489 prime?
False
Is 448061 a composite number?
True
Is 4369 prime?
False
Is 328189 a composite number?
True
Is 106598 a composite number?
True
Is 960467 composite?
False
Is 287137 a prime number?
True
Is 20153 prime?
False
Is 90721 a composite number?
True
Is 161863 prime?
False
Is 206623 a composite number?
False
Is 35521 composite?
False
Is 6403 composite?
True
Is 4922291 a prime number?
False
Is 13259 prime?
True
Is 22993 a composite number?
False
Is 1018433 a composite number?
True
Is 117877 prime?
True
Is 72587 prime?
False
Is 535063 a composite number?
True
Is 44491 a prime numb